 44335 composite?
True
Is 96833 prime?
False
Is 47903 a prime number?
True
Is 13645 prime?
False
Is 37043 composite?
True
Is 1050607 a composite number?
True
Is 7609 prime?
False
Is 679669 a prime number?
True
Is 150619 composite?
True
Is 4759 composite?
False
Is 218357 composite?
False
Is 1004893 a composite number?
True
Is 38891 composite?
False
Is 2786741 prime?
True
Is 11477 a composite number?
True
Is 5981 prime?
True
Is 608953 a prime number?
True
Is 31957 a composite number?
False
Is 9587 a composite number?
False
Is 166153 a prime number?
False
Is 344767 prime?
False
Is 2857 a prime number?
True
Is 347329 prime?
True
Is 26083 prime?
True
Is 37085 a prime number?
False
Is 52229 a composite number?
True
Is 1572331 a composite number?
False
Is 296821 composite?
True
Is 27479 a composite number?
False
Is 645883 composite?
True
Is 123911 a composite number?
False
Is 443 prime?
True
Is 185945 a prime number?
False
Is 14221 composite?
False
Is 4601 a prime number?
False
Is 468337 composite?
True
Is 75211 a composite number?
False
Is 8578 prime?
False
Is 223085 composite?
True
Is 5583 a composite number?
True
Is 59127 composite?
True
Is 107563 a composite number?
False
Is 426057 a composite number?
True
Is 659599 a prime number?
False
Is 22267 a composite number?
True
Is 2291 prime?
False
Is 2460707 prime?
True
Is 286927 composite?
False
Is 209917 prime?
True
Is 175211 composite?
False
Is 7737 prime?
False
Is 23119 a composite number?
True
Is 7615 a prime number?
False
Is 368681 a composite number?
True
Is 86341 composite?
False
Is 57643 a composite number?
True
Is 201029 a composite number?
True
Is 3389 composite?
False
Is 2748379 a prime number?
False
Is 34973 prime?
False
Is 530429 prime?
True
Is 2813 a composite number?
True
Is 754493 a prime number?
False
Is 87923 a composite number?
True
Is 20921 a prime number?
True
Is 130514 a composite number?
True
Is 1129103 a composite number?
False
Is 181981 a composite number?
False
Is 203479 composite?
True
Is 38917 a composite number?
False
Is 2427349 a composite number?
False
Is 755533 composite?
True
Is 63113 a prime number?
True
Is 61627 a prime number?
True
Is 37781 a prime number?
True
Is 2931 prime?
False
Is 104911 a prime number?
True
Is 14242 a composite number?
True
Is 46687 a composite number?
False
Is 1901 prime?
True
Is 4971 composite?
True
Is 2019665 prime?
False
Is 29299 composite?
True
Is 57373 prime?
True
Is 407347 a composite number?
False
Is 63029 a composite number?
False
Is 94241 a composite number?
True
Is 459953 a prime number?
False
Is 4703 composite?
False
Is 220217 a composite number?
False
Is 306079 a composite number?
True
Is 37463 a composite number?
False
Is 142579 prime?
False
Is 41991 prime?
False
Is 1987 composite?
False
Is 649651 a composite number?
False
Is 393203 prime?
True
Is 67603 a composite number?
True
Is 15493 composite?
False
Is 39147 a composite number?
True
Is 15503 a prime number?
False
Is 75289 composite?
False
Is 34739 prime?
True
Is 21467 a prime number?
True
Is 105713 a prime number?
False
Is 349729 a prime number?
True
Is 240083 a composite number?
True
Is 6637 composite?
False
Is 1087 a prime number?
True
Is 76811 a prime number?
False
Is 216989 a prime number?
False
Is 335105 a prime number?
False
Is 193859 a composite number?
False
Is 9277 a composite number?
False
Is 103949 prime?
False
Is 123001 prime?
True
Is 5167 prime?
True
Is 340007 a prime number?
True
Is 368537 composite?
True
Is 51071 composite?
False
Is 4783 a prime number?
True
Is 931229 a composite number?
True
Is 2973 composite?
True
Is 77927 composite?
True
Is 62939 a composite number?
False
Is 76269 composite?
True
Is 202277 a composite number?
False
Is 88859 a composite number?
True
Is 4502 a prime number?
False
Is 12407 prime?
False
Is 5175931 a prime number?
True
Is 3633217 prime?
False
Is 20507 a composite number?
False
Is 72497 a composite number?
False
Is 43 prime?
True
Is 5731 a composite number?
True
Is 45143 composite?
True
Is 2699897 a prime number?
False
Is 228181 a composite number?
False
Is 6070813 composite?
True
Is 103585 a composite number?
True
Is 28277 prime?
True
Is 14863 prime?
False
Is 2427 composite?
True
Is 1535 prime?
False
Is 5027 a prime number?
False
Is 272339 a composite number?
True
Is 31303 composite?
True
Is 49409 prime?
True
Is 159617 prime?
True
Is 211 composite?
False
Is 3323 prime?
True
Is 367217 prime?
False
Is 723893 prime?
True
Is 87473 prime?
True
Is 254537 composite?
False
Is 90659 prime?
True
Is 27041 a composite number?
True
Is 3793 prime?
True
Is 1005187 a prime number?
True
Is 114571 a prime number?
True
Is 48563 prime?
True
Is 22915 prime?
False
Is 50959 composite?
True
Is 27509 a prime number?
True
Is 30511 a prime number?
False
Is 220579 composite?
False
Is 21865 prime?
False
Is 7039 a composite number?
False
Is 125321 composite?
True
Is 573 prime?
False
Is 907 a prime number?
True
Is 238109 prime?
True
Is 21269 prime?
True
Is 108497 prime?
True
Is 444685 a prime number?
False
Is 5806 a composite number?
True
Is 115546 composite?
True
Is 295 a prime number?
False
Is 3849 a composite number?
True
Is 8254 a composite number?
True
Is 1103203 composite?
False
Is 98671 prime?
False
Is 62797 composite?
True
Is 232033 a composite number?
True
Is 150131 composite?
False
Is 631 prime?
True
Is 1201297 prime?
False
Is 12583 a prime number?
True
Is 224513 a prime number?
True
Is 928945 a prime number?
False
Is 487507 composite?
False
Is 1318 composite?
True
Is 94291 a composite number?
False
Is 42985 a composite number?
True
Is 2033621 a prime number?
False
Is 15049 composite?
True
Is 461639 a prime number?
True
Is 32603 a prime number?
True
Is 82757 a prime number?
True
Is 252971 composite?
False
Is 280219 a composite number?
False
Is 1067 a composite number?
True
Is 9193 composite?
True
Is 18457 prime?
True
Is 15401 a composite number?
False
Is 637243 prime?
True
Is 8999 prime?
True
Is 809867 prime?
False
Is 342457 composite?
True
Is 10315 prime?
False
Is 1591 prime?
False
Is 8063 composite?
True
Is 11197 a prime number?
True
Is 54953 a composite number?
True
Is 32957 prime?
True
Is 1481903 a composite number?
True
Is 255313 a composite number?
False
Is 18659 composite?
True
Is 587663 prime?
False
Is 721499 a composite number?
False
Is 338681 a composite number?
True
Is 3859 a composite number?
True
Is 1348673 a composite number?
False
Is 2696035 a prime number?
False
Is 2503 composite?
False
Is 195809 composite?
False
Is 140703 composite?
True
Is 362839 prime?
False
Is 10061 a composite number?
False
Is 14351 prime?
False
Is 479183 a composite number?
True
Is 125063 a prime number?
True
Is 180473 prime?
True
Is 27154 composite?
True
Is 47935 a composite number?
True
Is 1711 prime?
False
Is 12659 prime?
True
Is 8123 a prime number?
True
Is 5923 composite?
False
Is 55493 composite?
True
Is 284723 prime?
True
Is 1199 prime?
False
Is 1888301 a composite number?
False
Is 54221 a prime number?
False
Is 1084883 a composite number?
True
Is 1733521 a prime number?
False
Is 31357 composite?
False
Is 821 composite?
False
Is 23809 composite?
True
Is 2664877 a composite number?
True
Is 45623 a prime number?
False
Is 106591 composite?
False
Is 1806541 prime?
False
Is 190783 prime?
True
Is 130937 a composite number?
True
Is 3503 prime?
False
Is 42727 a composite number?
False
Is 32135 a prime number?
False
Is 368157 a composite number?
True
Is 100403 prime?
True
Is 247313 composite?
True
Is 2416501 prime?
True
Is 3251 a prime number?
True
Is 22757 composite?
True
Is 98749 prime?
False
Is 79295 a prime number?
False
Is 6119 prime?
False
Is 35201 prime?
True
Is 662149 prime?
True
Is 15157 prime?
False
Is 7993 a composite number?
False
Is 27929 a composite number?
True
Is 19633 prime?
False
Is 30289 a composite number?
True
Is 33973 a composite number?
True
Is 134287 composite?
False
Is 11987 composite?
False
Is 12203 prime?
True
Is 6971 a prime number?
True
Is 14983 composite?
False
Is 51713 a prime number?
True
Is 9791 a prime number?
True
Is 140519 a prime number?
False
Is 211559 composite?
False
Is 4903 a prime number?
True
Is 2068071 composite?
True
Is 610123 composite?
False
Is 13261 composite?
True
Is 5195 composite?
True
Is 76907 a prime number?